{"id":1074,"date":"2023-02-20T10:05:24","date_gmt":"2023-02-20T10:05:24","guid":{"rendered":"http:\/\/stoma.is\/?page_id=1074"},"modified":"2023-02-20T10:05:24","modified_gmt":"2023-02-20T10:05:24","slug":"styrkja-samtokin","status":"publish","type":"page","link":"https:\/\/stoma.is\/?page_id=1074","title":{"rendered":"Styrkja samt\u00f6kin"},"content":{"rendered":"\n<p><strong>St\u00f3masamt\u00f6k \u00cdslands eru \u00e1 lista Skattstj\u00f3ra yfir \u00feau f\u00e9l\u00f6g sem mega m\u00f3ttaka styrki sem veita skatta afsl\u00e1tt (sj\u00e1 n\u00e1nar \u00e1 rsk.is) a\u00f0 uppfylltum vissum skilyr\u00f0um.\u00a0 <\/strong><\/p>\n\n\n\n<p>Ef \u00fe\u00fa vilt styrkja okkur \u00fe\u00e1 er: <\/p>\n\n\n\n<p><strong>kennitala St\u00f3masamtakanna 570883-0899<\/strong><\/p>\n\n\n\n<p><strong>og bankareikningurinn er 0101-26-777166.&nbsp;<\/strong><\/p>\n\n\n\n<p>Undanfarin \u00e1r h\u00f6fum vi\u00f0 styrkt st\u00f3masamt\u00f6k \u00ed Afr\u00edku, a\u00f0allega Zimbabwe og Zamb\u00edu, me\u00f0 fj\u00e1rframl\u00f6gum og fleiru.&nbsp; S\u00f6mulei\u00f0is h\u00f6fum vi\u00f0 styrkt nokkur landssamt\u00f6k innan European Ostomy Association, e\u00f0a Evr\u00f3pusamtaka st\u00f3ma\u00feega, \u00feegar vi\u00f0komandi samt\u00f6k hafa veri\u00f0 illa st\u00f6dd fj\u00e1rhagslega.<\/p>\n","protected":false},"excerpt":{"rendered":"<p>St\u00f3masamt\u00f6k \u00cdslands eru \u00e1 lista Skattstj\u00f3ra yfir \u00feau f\u00e9l\u00f6g sem mega m\u00f3ttaka styrki sem veita skatta afsl\u00e1tt (sj\u00e1 n\u00e1nar \u00e1 rsk.is) a\u00f0 uppfylltum vissum skilyr\u00f0um.\u00a0 Ef \u00fe\u00fa vilt styrkja okkur \u00fe\u00e1 er: kennitala St\u00f3masamtakanna 570883-0899 og bankareikningurinn er 0101-26-777166.&nbsp; Undanfarin \u00e1r h\u00f6fum vi\u00f0 styrkt st\u00f3masamt\u00f6k \u00ed Afr\u00edku, a\u00f0allega Zimbabwe og Zamb\u00edu, me\u00f0 fj\u00e1rframl\u00f6gum og fleiru.&nbsp; [&hellip;]<\/p>\n","protected":false},"author":6,"featured_media":0,"parent":0,"menu_order":0,"comment_status":"closed","ping_status":"closed","template":"","meta":{"_genesis_hide_title":false,"_genesis_hide_breadcrumbs":false,"_genesis_hide_singular_image":false,"_genesis_hide_footer_widgets":false,"_genesis_custom_body_class":"","_genesis_custom_post_class":"","_genesis_layout":"","footnotes":""},"_links":{"self":[{"href":"https:\/\/stoma.is\/index.php?rest_route=\/wp\/v2\/pages\/1074"}],"collection":[{"href":"https:\/\/stoma.is\/index.php?rest_route=\/wp\/v2\/pages"}],"about":[{"href":"https:\/\/stoma.is\/index.php?rest_route=\/wp\/v2\/types\/page"}],"author":[{"embeddable":true,"href":"https:\/\/stoma.is\/index.php?rest_route=\/wp\/v2\/users\/6"}],"replies":[{"embeddable":true,"href":"https:\/\/stoma.is\/index.php?rest_route=%2Fwp%2Fv2%2Fcomments&post=1074"}],"version-history":[{"count":1,"href":"https:\/\/stoma.is\/index.php?rest_route=\/wp\/v2\/pages\/1074\/revisions"}],"predecessor-version":[{"id":1075,"href":"https:\/\/stoma.is\/index.php?rest_route=\/wp\/v2\/pages\/1074\/revisions\/1075"}],"wp:attachment":[{"href":"https:\/\/stoma.is\/index.php?rest_route=%2Fwp%2Fv2%2Fmedia&parent=1074"}],"curies":[{"name":"wp","href":"https:\/\/api.w.org\/{rel}","templated":true}]}}